{"id":11423,"date":"2023-11-08T16:21:03","date_gmt":"2023-11-08T19:21:03","guid":{"rendered":"https:\/\/vincula.com.br\/loja\/?post_type=product&#038;p=11423"},"modified":"2025-02-19T12:33:37","modified_gmt":"2025-02-19T15:33:37","slug":"chave-introdutora-reta-p-cage-transforaminal","status":"publish","type":"product","link":"https:\/\/vincula.com.br\/loja\/product\/chave-introdutora-reta-p-cage-transforaminal\/","title":{"rendered":"Chave Introdutora Reta p\/ Cage Transforaminal"},"content":{"rendered":"<p>Chave Introdutora Reta para introdu\u00e7\u00e3o do Fusimax TLP \u2013 Cage Intersom\u00e1tico Transforaminal em PEEK<\/p>\n<p>Caracter\u00edsticas &amp; Especifica\u00e7\u00f5es:<\/p>\n<p>&#8211; Haste da Chave confeccionada em A\u00e7o Inox;<\/p>\n<p>&#8211; Cabo man\u00edpulo fabricado em Polipropileno.<\/p>\n<p>&#8211; Material N\u00e3o Est\u00e9ril<\/p>\n","protected":false},"excerpt":{"rendered":"<p>Chave Introdutora Reta para introdu\u00e7\u00e3o do Fusimax TLP \u2013 Cage Intersom\u00e1tico Transforaminal em PEEK Caracter\u00edsticas &amp; Especifica\u00e7\u00f5es: &#8211; Haste da<\/p>\n","protected":false},"featured_media":11421,"template":"","meta":{"_acf_changed":false},"product_brand":[],"product_cat":[148,87],"product_tag":[],"class_list":{"0":"post-11423","1":"product","2":"type-product","3":"status-publish","4":"has-post-thumbnail","6":"product_cat-chave-coluna","7":"product_cat-coluna","9":"first","10":"outofstock","11":"shipping-taxable","12":"purchasable","13":"product-type-simple"},"acf":[],"_links":{"self":[{"href":"https:\/\/vincula.com.br\/loja\/wp-json\/wp\/v2\/product\/11423","targetHints":{"allow":["GET"]}}],"collection":[{"href":"https:\/\/vincula.com.br\/loja\/wp-json\/wp\/v2\/product"}],"about":[{"href":"https:\/\/vincula.com.br\/loja\/wp-json\/wp\/v2\/types\/product"}],"version-history":[{"count":1,"href":"https:\/\/vincula.com.br\/loja\/wp-json\/wp\/v2\/product\/11423\/revisions"}],"predecessor-version":[{"id":11424,"href":"https:\/\/vincula.com.br\/loja\/wp-json\/wp\/v2\/product\/11423\/revisions\/11424"}],"wp:featuredmedia":[{"embeddable":true,"href":"https:\/\/vincula.com.br\/loja\/wp-json\/wp\/v2\/media\/11421"}],"wp:attachment":[{"href":"https:\/\/vincula.com.br\/loja\/wp-json\/wp\/v2\/media?parent=11423"}],"wp:term":[{"taxonomy":"product_brand","embeddable":true,"href":"https:\/\/vincula.com.br\/loja\/wp-json\/wp\/v2\/product_brand?post=11423"},{"taxonomy":"product_cat","embeddable":true,"href":"https:\/\/vincula.com.br\/loja\/wp-json\/wp\/v2\/product_cat?post=11423"},{"taxonomy":"product_tag","embeddable":true,"href":"https:\/\/vincula.com.br\/loja\/wp-json\/wp\/v2\/product_tag?post=11423"}],"curies":[{"name":"wp","href":"https:\/\/api.w.org\/{rel}","templated":true}]}}