{"id":10302,"date":"2022-10-30T21:35:28","date_gmt":"2022-10-31T00:35:28","guid":{"rendered":"https:\/\/vincula.com.br\/loja\/?post_type=product&#038;p=10302"},"modified":"2024-08-02T08:53:57","modified_gmt":"2024-08-02T11:53:57","slug":"chave-hexagonal-canulada-35-mm","status":"publish","type":"product","link":"https:\/\/vincula.com.br\/loja\/product\/chave-hexagonal-canulada-35-mm\/","title":{"rendered":"Chave Hexagonal Canulada 3,5 mm"},"content":{"rendered":"<p>Indicada para introdu\u00e7\u00e3o dos parafusos de interfer\u00eancia em tit\u00e2nio, \u00e9 fabricada em A\u00e7o inox com alta resist\u00eancia ao desgaste e o encaixe hexagonal com o parafuso permite maior dissipa\u00e7\u00e3o das for\u00e7as de torque aplicadas na introdu\u00e7\u00e3o.<\/p>\n<p><strong>Caracter\u00edsticas &amp; Especifica\u00e7\u00f5es:<\/strong><\/p>\n<p><strong>&#8211; Ref:<\/strong><\/p>\n<table width=\"627\">\n<tbody>\n<tr>\n<td width=\"121\">02.01.03.35213<\/td>\n<td width=\"505\">Chave Hexagonal Canulada 3,5mm<\/td>\n<\/tr>\n<\/tbody>\n<\/table>\n<p>&#8211; Haste da Chave confeccionada em A\u00e7o Inox;<br \/>\n&#8211; Cabo man\u00edpulo fabricado em Polipropileno.<\/p>\n<p>Material N\u00e3o Est\u00e9ril<\/p>\n","protected":false},"excerpt":{"rendered":"<p>Chave Hexagonal 3,5mm<br \/>\nIndicada para introdu\u00e7\u00e3o dos parafusos de interfer\u00eancia em Tit\u00e2nio<\/p>\n","protected":false},"featured_media":9696,"template":"","meta":{"_acf_changed":false},"product_brand":[],"product_cat":[85,91],"product_tag":[],"class_list":{"0":"post-10302","1":"product","2":"type-product","3":"status-publish","4":"has-post-thumbnail","6":"product_cat-chave","7":"product_cat-medicina-esportiva","9":"first","10":"outofstock","11":"shipping-taxable","12":"purchasable","13":"product-type-simple"},"acf":[],"_links":{"self":[{"href":"https:\/\/vincula.com.br\/loja\/wp-json\/wp\/v2\/product\/10302","targetHints":{"allow":["GET"]}}],"collection":[{"href":"https:\/\/vincula.com.br\/loja\/wp-json\/wp\/v2\/product"}],"about":[{"href":"https:\/\/vincula.com.br\/loja\/wp-json\/wp\/v2\/types\/product"}],"version-history":[{"count":5,"href":"https:\/\/vincula.com.br\/loja\/wp-json\/wp\/v2\/product\/10302\/revisions"}],"predecessor-version":[{"id":10962,"href":"https:\/\/vincula.com.br\/loja\/wp-json\/wp\/v2\/product\/10302\/revisions\/10962"}],"wp:featuredmedia":[{"embeddable":true,"href":"https:\/\/vincula.com.br\/loja\/wp-json\/wp\/v2\/media\/9696"}],"wp:attachment":[{"href":"https:\/\/vincula.com.br\/loja\/wp-json\/wp\/v2\/media?parent=10302"}],"wp:term":[{"taxonomy":"product_brand","embeddable":true,"href":"https:\/\/vincula.com.br\/loja\/wp-json\/wp\/v2\/product_brand?post=10302"},{"taxonomy":"product_cat","embeddable":true,"href":"https:\/\/vincula.com.br\/loja\/wp-json\/wp\/v2\/product_cat?post=10302"},{"taxonomy":"product_tag","embeddable":true,"href":"https:\/\/vincula.com.br\/loja\/wp-json\/wp\/v2\/product_tag?post=10302"}],"curies":[{"name":"wp","href":"https:\/\/api.w.org\/{rel}","templated":true}]}}