{"id":10286,"date":"2022-10-30T21:23:55","date_gmt":"2022-10-31T00:23:55","guid":{"rendered":"https:\/\/vincula.com.br\/loja\/?post_type=product&#038;p=10286"},"modified":"2025-10-18T00:34:33","modified_gmt":"2025-10-18T03:34:33","slug":"cimento-cirurgico-com-antibiotico-subiton-gun","status":"publish","type":"product","link":"https:\/\/vincula.com.br\/loja\/product\/cimento-cirurgico-com-antibiotico-subiton-gun\/","title":{"rendered":"Cimento Cir\u00fargico &#8211; Subiton GUN"},"content":{"rendered":"<p>Os cimentos\u00a0<strong>Subiton<\/strong>\u00a0s\u00e3o utilizados para cimenta\u00e7\u00f5es e fixa\u00e7\u00f5es \u00f3sseas. Sua aplica\u00e7\u00e3o est\u00e1 indicada para Ortopedia e outras especialidades cir\u00fargicas em que seja necess\u00e1rio fixar elementos prot\u00e9ticos com um material acr\u00edlico est\u00e9ril.<\/p>\n<p><strong>Caracter\u00edsticas &amp; Especifica\u00e7\u00f5es:<br \/>\n<\/strong>-REF 880300 \u2013 60g + 30ml.<br \/>\n-Registro ANVISA N\u00ba:10417940221<br \/>\n-Baixa viscosidade<\/p>\n<p><strong>Composi\u00e7\u00e3o:<\/strong> Os Cimentos Ortop\u00e9dicos Subiton s\u00e3o compostos por 86,35% do pol\u00edmero denominado Polimetacrilato de Metila, 2,4% de Per\u00f3xido de Benzoila e 10% de Sulfato de B\u00e1rio em sua forma em p\u00f3 e 98,8% de Metacrilato de Metila, 1,2% de N, N dimetil p-toluidina e 18 &#8211; 20 ppm de Hidroquinona em sua forma l\u00edquida.<\/p>\n<p>Material Est\u00e9ril: \u00d3xido de Etileno<br \/>\nPrazo de Validade: 03 anos (ap\u00f3s a data da esteriliza\u00e7\u00e3o)<br \/>\nForma de Embalagem: Unit\u00e1rio (Duplo Blister + envelope e ampola)<\/p>\n","protected":false},"excerpt":{"rendered":"<p><strong>CIMENTO ACR\u00cdLICO DE APLICA\u00c7\u00c3O COM SERINGA<br \/>\n<\/strong>\u00c9 produzido especialmente para cimenta\u00e7\u00f5es de pr\u00f3teses de quadril. \u00c9 recomendado que seja utilizado com misturador a v\u00e1cuo Subimix V.<br \/>\n-Proporciona maior tempo de trabalho.<br \/>\n-Permite melhor introdu\u00e7\u00e3o do cimento no osso aumentando a vida \u00fatil da pr\u00f3tese.<\/p>\n","protected":false},"featured_media":9698,"template":"","meta":{"_acf_changed":false},"product_brand":[],"product_cat":[126,86],"product_tag":[],"class_list":{"0":"post-10286","1":"product","2":"type-product","3":"status-publish","4":"has-post-thumbnail","6":"product_cat-cimento-cirurgico","7":"product_cat-cimentos-e-acessorios","9":"first","10":"instock","11":"shipping-taxable","12":"purchasable","13":"product-type-simple"},"acf":[],"_links":{"self":[{"href":"https:\/\/vincula.com.br\/loja\/wp-json\/wp\/v2\/product\/10286","targetHints":{"allow":["GET"]}}],"collection":[{"href":"https:\/\/vincula.com.br\/loja\/wp-json\/wp\/v2\/product"}],"about":[{"href":"https:\/\/vincula.com.br\/loja\/wp-json\/wp\/v2\/types\/product"}],"version-history":[{"count":11,"href":"https:\/\/vincula.com.br\/loja\/wp-json\/wp\/v2\/product\/10286\/revisions"}],"predecessor-version":[{"id":11338,"href":"https:\/\/vincula.com.br\/loja\/wp-json\/wp\/v2\/product\/10286\/revisions\/11338"}],"wp:featuredmedia":[{"embeddable":true,"href":"https:\/\/vincula.com.br\/loja\/wp-json\/wp\/v2\/media\/9698"}],"wp:attachment":[{"href":"https:\/\/vincula.com.br\/loja\/wp-json\/wp\/v2\/media?parent=10286"}],"wp:term":[{"taxonomy":"product_brand","embeddable":true,"href":"https:\/\/vincula.com.br\/loja\/wp-json\/wp\/v2\/product_brand?post=10286"},{"taxonomy":"product_cat","embeddable":true,"href":"https:\/\/vincula.com.br\/loja\/wp-json\/wp\/v2\/product_cat?post=10286"},{"taxonomy":"product_tag","embeddable":true,"href":"https:\/\/vincula.com.br\/loja\/wp-json\/wp\/v2\/product_tag?post=10286"}],"curies":[{"name":"wp","href":"https:\/\/api.w.org\/{rel}","templated":true}]}}