{"id":10284,"date":"2022-10-30T21:22:48","date_gmt":"2022-10-31T00:22:48","guid":{"rendered":"https:\/\/vincula.com.br\/loja\/?post_type=product&#038;p=10284"},"modified":"2025-10-18T00:34:44","modified_gmt":"2025-10-18T03:34:44","slug":"cimento-cirurgico-subiton-g","status":"publish","type":"product","link":"https:\/\/vincula.com.br\/loja\/product\/cimento-cirurgico-subiton-g\/","title":{"rendered":"Cimento Cir\u00fargico com Antibi\u00f3tico &#8211; Subiton G"},"content":{"rendered":"<p>Os cimentos\u00a0<strong>Subiton<\/strong>\u00a0s\u00e3o utilizados para cimenta\u00e7\u00f5es e fixa\u00e7\u00f5es \u00f3sseas. Sua aplica\u00e7\u00e3o est\u00e1 indicada para Ortopedia e outras especialidades cir\u00fargicas em que seja necess\u00e1rio fixar elementos prot\u00e9ticos com um material acr\u00edlico est\u00e9ril.<\/p>\n<p><strong>Caracter\u00edsticas &amp; Especifica\u00e7\u00f5es:<br \/>\n<\/strong>-REF 880200 \u2013 40g + 20ml.<br \/>\n-Registro ANVISA N\u00ba:10417940224<br \/>\n-Alta viscosidade<br \/>\n-Cimento com gentamicina (1,25%)<\/p>\n<p><strong>Composi\u00e7\u00e3o:<\/strong> Os Cimentos Ortop\u00e9dicos Subiton s\u00e3o compostos por 86,35% de Metila, 2,4% de Per\u00f3xido de Benzoila e 10% de Sulfato de B\u00e1rio, 0,5 a 0,75% de Sulfato de Gentamicina em sua forma em p\u00f3, 98,8% de Metacrilato de Metila, 1,2% de N, N dimetil p-toluidina e 18 &#8211; 20 ppm de Hidroquinona em sua forma l\u00edquida.<\/p>\n<p>Material Est\u00e9ril: \u00d3xido de Etileno<br \/>\nPrazo de Validade: 03 anos (ap\u00f3s a data da esteriliza\u00e7\u00e3o)<br \/>\nForma de Embalagem: Unit\u00e1rio (Duplo Blister + envelope e ampola)<\/p>\n","protected":false},"excerpt":{"rendered":"<p><strong>CIMENTO ACR\u00cdLICO COM ANTIBI\u00d3TICO DE APLICA\u00c7\u00c3O MANUAL.<\/strong><br \/>\n<strong>CIMENTO ACR\u00cdLICO COM GENTAMICINA (1.25%).<br \/>\n<\/strong>Indicado para a preven\u00e7\u00e3o de infec\u00e7\u00f5es, reinterven\u00e7\u00f5es ou pacientes de alto risco, por seu amplo espectro antimicrobiano e comprovada libera\u00e7\u00e3o estendida do antibi\u00f3tico.<br \/>\n-Rapidamente passa ao estado pl\u00e1stico com \u00f3timo tempo de trabalho manual.<br \/>\n-Excelentes propriedades mec\u00e2nicas.<\/p>\n","protected":false},"featured_media":9700,"template":"","meta":{"_acf_changed":false},"product_brand":[],"product_cat":[126,86],"product_tag":[],"class_list":{"0":"post-10284","1":"product","2":"type-product","3":"status-publish","4":"has-post-thumbnail","6":"product_cat-cimento-cirurgico","7":"product_cat-cimentos-e-acessorios","9":"first","10":"instock","11":"shipping-taxable","12":"purchasable","13":"product-type-simple"},"acf":[],"_links":{"self":[{"href":"https:\/\/vincula.com.br\/loja\/wp-json\/wp\/v2\/product\/10284","targetHints":{"allow":["GET"]}}],"collection":[{"href":"https:\/\/vincula.com.br\/loja\/wp-json\/wp\/v2\/product"}],"about":[{"href":"https:\/\/vincula.com.br\/loja\/wp-json\/wp\/v2\/types\/product"}],"version-history":[{"count":8,"href":"https:\/\/vincula.com.br\/loja\/wp-json\/wp\/v2\/product\/10284\/revisions"}],"predecessor-version":[{"id":11339,"href":"https:\/\/vincula.com.br\/loja\/wp-json\/wp\/v2\/product\/10284\/revisions\/11339"}],"wp:featuredmedia":[{"embeddable":true,"href":"https:\/\/vincula.com.br\/loja\/wp-json\/wp\/v2\/media\/9700"}],"wp:attachment":[{"href":"https:\/\/vincula.com.br\/loja\/wp-json\/wp\/v2\/media?parent=10284"}],"wp:term":[{"taxonomy":"product_brand","embeddable":true,"href":"https:\/\/vincula.com.br\/loja\/wp-json\/wp\/v2\/product_brand?post=10284"},{"taxonomy":"product_cat","embeddable":true,"href":"https:\/\/vincula.com.br\/loja\/wp-json\/wp\/v2\/product_cat?post=10284"},{"taxonomy":"product_tag","embeddable":true,"href":"https:\/\/vincula.com.br\/loja\/wp-json\/wp\/v2\/product_tag?post=10284"}],"curies":[{"name":"wp","href":"https:\/\/api.w.org\/{rel}","templated":true}]}}