{"id":10282,"date":"2022-10-30T21:21:45","date_gmt":"2022-10-31T00:21:45","guid":{"rendered":"https:\/\/vincula.com.br\/loja\/?post_type=product&#038;p=10282"},"modified":"2026-01-06T16:00:29","modified_gmt":"2026-01-06T19:00:29","slug":"cimento-cirurgico-subiton-ro","status":"publish","type":"product","link":"https:\/\/vincula.com.br\/loja\/product\/cimento-cirurgico-subiton-ro\/","title":{"rendered":"Cimento Cir\u00fargico &#8211; Subiton RO"},"content":{"rendered":"<p>Os cimentos\u00a0<strong>Subiton<\/strong>\u00a0s\u00e3o utilizados para cimenta\u00e7\u00f5es e fixa\u00e7\u00f5es \u00f3sseas. Sua aplica\u00e7\u00e3o est\u00e1 indicada para Ortopedia e outras especialidades cir\u00fargicas em que seja necess\u00e1rio fixar elementos prot\u00e9ticos com um material acr\u00edlico est\u00e9ril.<\/p>\n<p><strong>Caracter\u00edsticas &amp; Especifica\u00e7\u00f5es:<br \/>\n<\/strong>-REF 880000 \u2013 40g + 20ml.<br \/>\n-Registro ANVISA N\u00ba:10417940221<br \/>\n-Alta viscosidade<br \/>\n&#8211; Rapidamente passa ao estado pl\u00e1stico com \u00f3timo tempo de trabalho manual.<br \/>\n-Excelentes propriedades mec\u00e2nicas.<br \/>\nComposi\u00e7\u00e3o: Os Cimentos Ortop\u00e9dicos Subiton s\u00e3o compostos por 86,35% do pol\u00edmero denominado Polimetacrilato de Metila, 2,4% de Per\u00f3xido de Benzoila e 10% de Sulfato de B\u00e1rio em sua forma em p\u00f3 e 98,8% de Metacrilato de Metila, 1,2% de N, N dimetil p-toluidina e 18 &#8211; 20 ppm de Hidroquinona em sua forma l\u00edquida.<br \/>\nMaterial Est\u00e9ril: \u00d3xido de Etileno<br \/>\nPrazo de Validade: 03 anos (ap\u00f3s a data da esteriliza\u00e7\u00e3o)<br \/>\nForma de Embalagem: Unit\u00e1rio (Duplo Blister + envelope e ampola)<\/p>\n","protected":false},"excerpt":{"rendered":"<p><strong>CIMENTO ACR\u00cdLICO DE APLICA\u00c7\u00c3O MANUAL<br \/>\n<\/strong><\/p>\n<p>Desenvolvido para cimenta\u00e7\u00f5es gerais \/ quadril. O Cimento Subiton RO possui uma excelente resist\u00eancia ao desgaste, o que proporciona uma performance superior para a fixa\u00e7\u00e3o dos implantes.<br \/>\n-Rapidamente passa ao estado pl\u00e1stico com \u00f3timo tempo de trabalho manual.<br \/>\n-Excelentes propriedades mec\u00e2nicas.<\/p>\n","protected":false},"featured_media":9701,"template":"","meta":{"_acf_changed":false},"product_brand":[],"product_cat":[126,86],"product_tag":[],"class_list":{"0":"post-10282","1":"product","2":"type-product","3":"status-publish","4":"has-post-thumbnail","6":"product_cat-cimento-cirurgico","7":"product_cat-cimentos-e-acessorios","9":"first","10":"instock","11":"shipping-taxable","12":"purchasable","13":"product-type-simple"},"acf":[],"_links":{"self":[{"href":"https:\/\/vincula.com.br\/loja\/wp-json\/wp\/v2\/product\/10282","targetHints":{"allow":["GET"]}}],"collection":[{"href":"https:\/\/vincula.com.br\/loja\/wp-json\/wp\/v2\/product"}],"about":[{"href":"https:\/\/vincula.com.br\/loja\/wp-json\/wp\/v2\/types\/product"}],"version-history":[{"count":9,"href":"https:\/\/vincula.com.br\/loja\/wp-json\/wp\/v2\/product\/10282\/revisions"}],"predecessor-version":[{"id":10905,"href":"https:\/\/vincula.com.br\/loja\/wp-json\/wp\/v2\/product\/10282\/revisions\/10905"}],"wp:featuredmedia":[{"embeddable":true,"href":"https:\/\/vincula.com.br\/loja\/wp-json\/wp\/v2\/media\/9701"}],"wp:attachment":[{"href":"https:\/\/vincula.com.br\/loja\/wp-json\/wp\/v2\/media?parent=10282"}],"wp:term":[{"taxonomy":"product_brand","embeddable":true,"href":"https:\/\/vincula.com.br\/loja\/wp-json\/wp\/v2\/product_brand?post=10282"},{"taxonomy":"product_cat","embeddable":true,"href":"https:\/\/vincula.com.br\/loja\/wp-json\/wp\/v2\/product_cat?post=10282"},{"taxonomy":"product_tag","embeddable":true,"href":"https:\/\/vincula.com.br\/loja\/wp-json\/wp\/v2\/product_tag?post=10282"}],"curies":[{"name":"wp","href":"https:\/\/api.w.org\/{rel}","templated":true}]}}