{"id":10117,"date":"2022-10-30T18:03:15","date_gmt":"2022-10-30T21:03:15","guid":{"rendered":"https:\/\/vincula.com.br\/loja\/?post_type=product&#038;p=10117"},"modified":"2025-10-11T00:42:22","modified_gmt":"2025-10-11T03:42:22","slug":"fusimax-alp-cage-intersomatico-posterior-angulado-peek","status":"publish","type":"product","link":"https:\/\/vincula.com.br\/loja\/product\/fusimax-alp-cage-intersomatico-posterior-angulado-peek\/","title":{"rendered":"Fusimax ALP \u2013 Cage Intersom\u00e1tico Posterior Angulado- PEEK"},"content":{"rendered":"<p>Produzido em PEEK: Material biocompat\u00edvel com m\u00f3dulo de elasticidade semelhante ao osso que mant\u00e9m a altura do espa\u00e7o Intersom\u00e1tico;<\/p>\n<ul>\n<li>Cage angulado 5\u00ba com superf\u00edcie serrilhada com sulcos que impedem a migra\u00e7\u00e3o e garante uma maior estabilidade prim\u00e1ria;<\/li>\n<li>02 marcadores radiopacos que permite melhor visualiza\u00e7\u00e3o e posicionamento do implante durante o procedimento cir\u00fargico;<\/li>\n<li>Embalagem individual est\u00e9ril;<\/li>\n<\/ul>\n<p><strong>REF 04.36.30.10085 &#8211; 8,5mm<\/strong><br \/>\nRegistro ANVISA N\u00ba:10417940091<br \/>\nDimens\u00e3o: 8,5x22x10 mm<\/p>\n<p><strong>REF 04.36.30.10095 &#8211; 9,5mm<\/strong><br \/>\nRegistro ANVISA N\u00ba:10417940091<br \/>\nDimens\u00e3o: 9,5x22x10 mm<\/p>\n<p><strong>REF 04.36.30.10105 &#8211; 10,5mm<\/strong><br \/>\nRegistro ANVISA N\u00ba:10417940091<br \/>\nDimens\u00e3o: 10,5x22x10 mm<\/p>\n<p><strong>REF 04.36.30.10115 &#8211; 11,5mm<br \/>\n<\/strong>Registro ANVISA N\u00ba:10417940091<br \/>\nDimens\u00e3o: 11,5x22x10 mm<\/p>\n<p><strong>REF 04.36.30.10125 &#8211; 12,5mm<\/strong><br \/>\nRegistro ANVISA N\u00ba:10417940091<br \/>\nDimens\u00e3o: 12,5x22x10 mm<\/p>\n<p><strong>REF 04.36.30.10135 &#8211; 13,5mm<\/strong><br \/>\nRegistro ANVISA N\u00ba:10417940091<br \/>\nDimens\u00e3o: 13,5x22x10 mm<\/p>\n","protected":false},"excerpt":{"rendered":"<p>A fam\u00edlia do Cage Intersom\u00e1tico N\u00e3o Expansivo \u2013 PEEK consiste em dispositivos implant\u00e1veis, invasivos cirurgicamente de utiliza\u00e7\u00e3o em longo prazo, utilizados em procedimentos de fus\u00e3o da coluna cervical.<\/p>\n<p class=\"p1\"><strong>OBS.:<\/strong>\u00c9 necess\u00e1rio o instrumental para sistema de fus\u00e3o lombar V\u00cdNCULA.<\/p>\n","protected":false},"featured_media":9713,"template":"","meta":{"_acf_changed":false},"product_brand":[],"product_cat":[139,87,142],"product_tag":[],"class_list":{"0":"post-10117","1":"product","2":"type-product","3":"status-publish","4":"has-post-thumbnail","6":"product_cat-cage-lombar-em-peek","7":"product_cat-coluna","8":"product_cat-fusimax-alp","10":"first","11":"instock","12":"shipping-taxable","13":"purchasable","14":"product-type-variable"},"acf":[],"_links":{"self":[{"href":"https:\/\/vincula.com.br\/loja\/wp-json\/wp\/v2\/product\/10117","targetHints":{"allow":["GET"]}}],"collection":[{"href":"https:\/\/vincula.com.br\/loja\/wp-json\/wp\/v2\/product"}],"about":[{"href":"https:\/\/vincula.com.br\/loja\/wp-json\/wp\/v2\/types\/product"}],"version-history":[{"count":6,"href":"https:\/\/vincula.com.br\/loja\/wp-json\/wp\/v2\/product\/10117\/revisions"}],"predecessor-version":[{"id":11250,"href":"https:\/\/vincula.com.br\/loja\/wp-json\/wp\/v2\/product\/10117\/revisions\/11250"}],"wp:featuredmedia":[{"embeddable":true,"href":"https:\/\/vincula.com.br\/loja\/wp-json\/wp\/v2\/media\/9713"}],"wp:attachment":[{"href":"https:\/\/vincula.com.br\/loja\/wp-json\/wp\/v2\/media?parent=10117"}],"wp:term":[{"taxonomy":"product_brand","embeddable":true,"href":"https:\/\/vincula.com.br\/loja\/wp-json\/wp\/v2\/product_brand?post=10117"},{"taxonomy":"product_cat","embeddable":true,"href":"https:\/\/vincula.com.br\/loja\/wp-json\/wp\/v2\/product_cat?post=10117"},{"taxonomy":"product_tag","embeddable":true,"href":"https:\/\/vincula.com.br\/loja\/wp-json\/wp\/v2\/product_tag?post=10117"}],"curies":[{"name":"wp","href":"https:\/\/api.w.org\/{rel}","templated":true}]}}